(d) = t*z(d) - 5*a(d). Give j(-6).
-16
Suppose -12*w + 8 = -16. Let a(q) = -3*q + 3. Let t(z) = -5*z + 5. Let d(g) = 7*a(g) - 4*t(g). Calculate d(w).
-1
Suppose 3*l + 981*d - 982*d - 206 = 0, 0 = -l + d + 66. Let m(b) = -b**3 + 72*b**2 - 139*b - 64. Give m(l).
6
Suppose -3*r = 12, -j + 44 = 3*j - 5*r. Let h(u) = -16*u - j + u**2 + 10*u + 2 + 8*u. Calculate h(3).
11
Suppose -1199 = 493*z + 333*z - 373. Let k(b) be the first derivative of 1/3*b**3 + 1 + 1/4*b**4 + b + b**2. What is k(z)?
-1
Let n be 1*2*21/(-6). Let d(a) = -154*a + 154*a + 8 - 7*a**2 + 3 - a**3 - 10. Give d(n).
1
Let u(v) = -3*v**3 + 5*v**2 - 2*v - 3. Suppose 15*l = 38 + 7. Let n(q) = -2*q**3 + 5*q**2 - q - 2. Let r(a) = l*u(a) - 4*n(a). What is r(-3)?
-13
Let i(r) = -13*r - 71. Let n(l) = 7*l + 37. Let z(o) = -4*i(o) - 7*n(o). Let f(x) = x + 10. Let d(u) = -7*f(u) + 3*z(u). What is d(-10)?
-15
Let z = 372 + -716. Let s = -242 - z. Let l be (-1)/(-5 - 1) + (-119)/s. Let i(r) = 3*r. What is i(l)?
-3
Let w = 174 - 172. Let m(y) = 19*y**2 - 2*y + 7 + y - 2*y + 5*y**2 - 31*y**w - y**3. Give m(-5).
-28
Let d(x) = -72*x + 56. Let j(u) = -48*u + 33. Let t(n) = 5*d(n) - 8*j(n). What is t(-2)?
-32
Let w(n) = 52*n + 11*n**3 + 25*n + 17*n**3 - 2*n**2 - 75*n - 1. Determine w(1).
27
Let z(a) be the first derivative of 6*a + 6 - 1/3*a**3 + 1/2*a**2. Suppose 0 = -4*i + 5*k + 30, -3*k = 13*i - 12*i + 1. Give z(i).
-14
Let l(b) = -13*b**3 - 14*b**2 + 21*b - 37. Let w(y) = 9*y**3 + 9*y**2 - 20*y + 35. Let q(m) = -2*l(m) - 3*w(m). What is q(4)?
-7
Let n(t) be the second derivative of 5*t**3/6 + 15*t**2 - 275*t. Determine n(-6).
0
Let i(w) be the third derivative of 3*w**2 + 0*w + 3/8*w**4 + 1/30*w**5 + 1/6*w**3 - 29. What is i(-7)?
36
Let p(v) = -4*v + 54. Suppose 755 - 2237 = -567*q + 3054. What is p(q)?
22
Let w(c) be the second derivative of -c**3/6 - c**2/2 - 9*c + 78. Determine w(-4).
3
Let y = -4977 + 4997. Let b(g) = -g**3 + 19*g**2 + 22*g - 45. Determine b(y).
-5
Let t(p) be the second derivative of -p**4/24 + 3*p**3/2 - 8*p**2 + 2*p + 34. Let i(u) be the first derivative of t(u). What is i(0)?
9
Let j(q) = -q**3 + 8*q**2 - 13*q + 44. Suppose -17*d + 103 = -16. Let h be j(d). Let w(a) = -a**2 - 2*a + 3. What is w(h)?
-5
Let a(n) = 1 + 2 + n**2 - 4*n + 2*n. Let u be 12*(-5 + 4) + (129 - 113). What is a(u)?
11
Let x(m) = -m**2 + 8*m - 2. Let f be x(7). Let p be (-2)/f + 60/25. Let c(h) = 4*h - 5 + h**p + h - 3*h - 5*h. Calculate c(5).
5
Let a(k) = -14*k + 83. Let b be 3/((-1 - 0)/((-505)/303)). Give a(b).
13
Let i = 467 - 434. Suppose -29*o - 25 - i = 0. Let y(z) be the second derivative of -3*z**5/20 - z**4/4 - z**3/3 - 3*z**2/2 + z. Determine y(o).
13
Suppose -1095 = -1029*o + 7137. Let s(y) = -6 - 2*y - 2*y + 0*y. Give s(o).
-38
Let x(r) be the first derivative of -r**3/3 + 3*r**2 + 50. Let q(w) = -w**3 - 4*w**2 - 3*w - 3. Let l be q(-3). Let f = l + 10. Calculate x(f).
-7
Let h be (-4)/5 + (-29)/(-20)*4. Let a(q) = 11*q - 20. What is a(h)?
35
Let s(v) be the first derivative of -8*v**2 - 13*v - 46. Let x be s(-2). Suppose x*u - 15 = 22*u. Let g(r) = -r**3 - 4*r**2 + 5*r + 7. Calculate g(u).
7
Let i be (77/(-6) + 75/2430*27)/(-12). Let q(f) = -7*f - 6*f - 1 + 2*f. Give q(i).
-12
Let s(p) = -48 - 59 - 11 - 417*p - 409*p + 821*p. Give s(-21).
-13
Let p(h) = -9*h**2 + h + 11. Let q(l) = -8*l**2 + l + 10. Let o(c) = 6*p(c) - 7*q(c). Suppose 0 = 4222*t - 4223*t - 4. Determine o(t).
32
Let i(w) = -w**3 - 5*w**2. Suppose 1 = -4*c - s, -4*c - s = -4*s - 3. Suppose 2*n = d - 21, c = 2*n - 0 + 6. Suppose v = -d + 10. Calculate i(v).
0
Let n(o) = -2*o - 47. Suppose -60*z - 1735 = -295. What is n(z)?
1
Let f(g) be the first derivative of 1/2*g**2 - 1/6*g**4 - 3 + 17*g + 0*g**3. Let r(k) be the first derivative of f(k). Give r(2).
-7
Let w(m) be the second derivative of m**3 - 7*m**2/2 - 7*m - 160. Determine w(1).
-1
Suppose 0 = -4*a - 3*b + 8, a + 14 = 3*a - b. Let n(t) = 51*t**3 - 50*t**3 + 0*t**2 - 4 - 5*t**2 + 2*t. Determine n(a).
6
Let k(f) = 2*f**2 + 17*f + 31. Let x be k(-10). Let b = -59 + x. Let p(j) = 2 - 4 - j**3 + 4*j - 7*j**b + 4*j**2. Determine p(-4).
-2
Let z be 1 + 8/(-1*2). Suppose -3*b = -4*w - 734, -w + 1375 = 5*b + 121. Let k(i) = -128*i**3 + 3 + 3*i**2 + b*i**3 - 2*i - 121*i**3. What is k(z)?
9
Suppose -5005*f + 130 = -5031*f. Let z(y) = y - 1. Let p(r) = -10*r + 2. Let j(a) = -p(a) - 6*z(a). Determine j(f).
-16
Let r(p) be the first derivative of p + 1/3*p**3 - 7/4*p**4 + p**2 - 64. Suppose -4*y + d + 4*d - 9 = 0, 3*y + 4*d - 1 = 0. Give r(y).
7
Let y(p) be the second derivative of p**3/2 - p**2/2 + 23*p. Let f(o) = -o**2 + 45*o - 351. Let a be f(35). Give y(a).
-4
Let s(b) = -111*b**2 + 2*b - 123*b**2 + 5 + 232*b**2 - b**3. What is s(-4)?
29
Let a(i) = -2*i**2 + 54*i - 298. Let k = 32333 - 32325. Calculate a(k).
6
Let a(m) = m**3 - 2*m**2 - m - 1. Suppose -39454 + 39385 = 23*d. Calculate a(d).
-43
Suppose n = 4*v - 56, -3*v - 2*v - 4*n + 70 = 0. Let y = v - -5. Let w = -20 + y. Let p(l) = 2*l**3 - l - 1. What is p(w)?
-2
Let p(w) = 3*w - 28. Let m be p(13). Let h(u) = 3*u**3 + 4*u + 3. Let r(i) = 16*i**3 - i**2 + 21*i + 15. Let v(z) = m*h(z) - 2*r(z). What is v(-2)?
-1
Let x(u) = 2*u**2 + 59*u + 1. Let i(s) = 3*s**2 + 60*s + 2. Let z(r) = 6*i(r) - 7*x(r). Let f be z(13). Let h(m) = -m**3 - 9*m**2 - 7*m - 2. Calculate h(f).
-10
Let f(x) = -2*x**2 + 19*x + 16. Suppose -4*l + 28 = n - 8, -2*n = 8. What is f(l)?
6
Let c(s) = 14*s + 5. Let o be c(2). Suppose -g + 14*f = 10*f - 12, -5*f - o = g. Let q(t) = -t**2 - 12*t - 3. Determine q(g).
29
Let h(j) = 30*j**2 - 4*j**3 - 4*j + 2399 - j - 33*j**2 - 2402 - 6*j**3. Give h(-1).
9
Let t be (-120)/20*(-62)/3. Let p = t - 121. Let i(q) = -q**2 - 2725*q**3 - 3 - p*q**2 + 2726*q**3 - 4*q. Give i(5).
2
Let r be 153/6 + ((-1188)/24)/33. Let p(c) = -c + 33. Calculate p(r).
9
Suppose 5*n - 5*p = 325, -29 + 381 = 5*n + 4*p. Let d(z) = n*z**3 - 69*z**3 - 9*z + 61 - 9*z**2 - 66. Determine d(-8).
3
Let w(c) = c**3 + 5*c**2 + 3*c - 1. Let x be w(-4). Let u(p) be the second derivative of 7 - p + 1/6*p**3 - 1/12*p**4 + p**2. What is u(x)?
-4
Let f be ((-1)/(-1))/((-1)/(-7)). Let i(s) be the third derivative of 99*s**2 - 1/10*s**5 - 3/8*s**4 + 0 + 0*s + 1/120*s**6 + 2/3*s**3. What is i(f)?
-10
Let x(u) = -u**3 - 9*u**2 - 6*u + 19. Suppose 2*h - 1250 + 1266 = 0. Determine x(h).
3
Let x(m) be the first derivative of -m**2/2 - 1. Let c(t) = -10*t - 257. Suppose 0 = 10*g + 12*g + 572. Let q be c(g). Determine x(q).
-3
Let q be 5/(-8 + 3)*-3. Let c(y) = -44 - q*y + 6 + 29. Determine c(-6).
9
Let f(b) = b + 40. Let i(k) = 7*k + 238. Let w(q) = 6*f(q) - i(q). What is w(-4)?
6
Let z(j) be the second derivative of -j**5/20 + j**4/6 - j**3 + 11*j**2/2 + 1910*j + 1. Give z(2).
-1
Let g(p) = -37*p - 1143. Let h be g(-31). Let t(f) be the third derivative of 0*f - 8*f**2 - 1/2*f**3 - 1/6*f**h + 0. Calculate t(-4).
13
Let h(b) = -3*b**2 - 6*b - 42. Let i(m) = -11*m**2 - 19*m - 125. Let r(j) = -7*h(j) + 2*i(j). Let g(y) be the first derivative of r(y). Determine g(-5).
14
Let w = 23 + -15. Let d(u) be the second derivative of 14*u - 3/2*u**3 + 3*u**2 + 0 + 1/12*u**4. Determine d(w).
-2
Let j(g) be the first derivative of 2*g**2 + 2*g + 2263. What is j(-5)?
-18
Let k(s) = -7*s - 4. Let d(o) = -8*o - 5. Let u(h) = -6*d(h) + 7*k(h). Let a be (-18)/36*5*-4. Give u(a).
-8
Let r(x) = 12 - 349*x - 5 + 374*x. Let k(i) = 13*i + 4. Let v(y) = 11*k(y) - 6*r(y). Calculate v(2).
-12
Let x(m) be the first derivative of m**3/3 + 7*m**2/2 - m + 853. Give x(-4).
-13
Suppose 0 = -184*z - 111 - 441. Let k(p) = 3*p**2 + 3*p - 5. Calculate k(z).
13
Let o(q) = q**3 + 2*q**2 - 2*q + 1. Suppose 64 = -2*c - 32. Let k be (50 - 0) + (25 - 30). Let d = c + k. What is o(d)?
-2
Suppose 0 = 3*i + w - 7, -2*i - 4*w = -4*i. Let f(p) be the first derivative of -p**4/4 - p**3/3 + 2*p**2 - 3*p - 265. Determine f(i).
-7
Let f = 38624 + -38624. Let j(i) be the second derivative of 3*i**2 + 44*i + 1/2*i**3 + f + 5/12*i**4 - 1/20*i**5. Give j(6).
-12
Suppose -6*c + 3 = -87. Let k(u) = 0*u**2 + c*u**3 - 1 + u**2 - 6186*u + 6185*u. Determine k(-1).
-14
Let d(p) = -9*p - 18*p + 15*p - 1 + 51*p. Give d(-2).
-79
Let r(p) = p + 1. Let g(c) = 7*c + 12. Let j = 17 - 11. Let z(u) = j*r(u) - g(u). What is z(-5)?
